 + 11755. Calculate y(26).
29
Let q(p) = -p**3 - 50*p**2 + 121*p + 6928. Determine q(-12).
4
Let d(k) = k**2 + 802*k + 113745. Calculate d(-184).
33
Let i(o) = -108628*o - 1520837. What is i(-14)?
-45
Let d(o) = -642*o + 19267. Calculate d(29).
649
Let w(q) = 2797*q - 83613. Give w(30).
297
Let k(t) = t**3 - 10*t**2 - 525*t - 353. Determine k(-18).
25
Let x(k) = -2*k**3 + 201*k**2 - 625*k + 52486. Calculate x(100).
-14
Let c(t) = -5*t**3 + 17*t**2 - 14*t - 42. What is c(-4)?
606
Let n(h) = 1784*h - 185506. Give n(104).
30
Let b(f) = 2*f**3 - 16*f**2 - 45*f + 322. Calculate b(6).
-92
Let f(p) = p**3 - 237*p**2 + 453*p - 107350. Determine f(237).
11
Let s(u) = 2324*u + 223081. Calculate s(-96).
-23
Let c(a) = 10*a**3 + 91*a**2 + 1709*a + 1621. Determine c(-1).
-7
Let n(m) = 2*m**3 - 153*m**2 + 942*m - 153. Determine n(70).
2087
Let l(b) = 338*b + 2505. Calculate l(-4).
1153
Let l(t) = -5*t**2 - 28*t + 2177. What is l(22)?
-859
Let s(r) = -r**3 + 114*r - 119. Give s(10).
21
Let r(y) = -37733*y - 113208. Give r(-3).
-9
Let p(f) = -621*f + 52811. Calculate p(84).
647
Let u(x) = -55*x**2 - 81*x - 84. Calculate u(-1).
-58
Let q(o) = -293*o**2 + 104*o - 204. Determine q(2).
-1168
Let m(d) = d**2 - 197*d + 8648. Calculate m(107).
-982
Let z(u) = -4*u**2 + 138*u + 6822. Determine z(62).
2
Let j(k) = 3*k**2 - 20137*k - 424202. What is j(-21)?
-2
Let j(t) = -t**3 - 18*t**2 - 45*t - 753. Determine j(-18).
57
Let h(z) = 53*z**2 + 358*z - 524. Determine h(-8).
4
Let r(z) = 202*z**2 - 85*z + 82. Give r(1).
199
Let q(u) = u**2 - 80151*u - 4973234. Determine q(-62).
-28
Let c(b) = 32*b - 1809. Calculate c(90).
1071
Let k(n) = n**3 - 30*n**2 - 111*n + 123. Calculate k(33).
-273
Let u(d) = -5*d**2 - 126*d - 126. What is u(-24)?
18
Let h(r) = -44580*r + 70079762. Determine h(1572).
2
Let j(o) = 381*o**2 + 12185*o - 45. Determine j(-32).
179
Let i(n) = -n**3 + 68*n**2 + 29*n - 10637. What is i(66)?
-11
Let z(d) = 8*d**3 - 76*d**2 + 451*d - 2841. Determine z(8).
-1
Let p(t) = 10*t**3 + 26*t**2 + 130*t - 138. Determine p(-7).
-3204
Let s(m) = -m**3 - 140*m**2 + 273*m - 1501. What is s(-142)?
61
Let a(m) = -30*m**2 - 102*m - 1403. Calculate a(0).
-1403
Let t(z) = -z**3 - 615*z**2 - 581*z + 19603. Give t(-614).
-659
Let p(q) = 28*q**3 + 934*q**2 + 325*q - 159. Determine p(-33).
6
Let o(s) = -1380*s + 19194. Determine o(14).
-126
Let v(q) = -3*q**3 - 210*q**2 + 218*q + 66. Calculate v(-71).
-289
Let u(v) = -2*v**2 - 35*v + 65. Give u(-19).
8
Let j(q) = 6*q**3 + 4*q**2 + 66*q - 70. What is j(1)?
6
Let t(g) = 26*g**2 - 2854*g - 136435. Calculate t(-36).
5
Let t(y) = -52*y + 9540. Give t(188).
-236
Let k(r) = 155*r - 3142. Give k(24).
578
Let u(p) = -108695*p + 543474. What is u(5)?
-1
Let h(t) = -44155*t + 44100. Give h(1).
-55
Let z(d) = d**2 + 11359*d - 696632. Determine z(61).
-12
Let m(k) = -5860*k + 5496. What is m(1)?
-364
Let v(g) = -g**3 + 9*g**2 + 168*g - 901. Give v(17).
-357
Let z(g) = 6*g**2 + 6*g - 97. What is z(-18)?
1739
Let d(w) = 10*w**2 - 270*w - 1664. Calculate d(-6).
316
Let f(g) = -3*g**3 + 19*g**2 + 12*g + 418. Determine f(8).
194
Let b(c) = 55581*c + 333519. Determine b(-6).
33
Let j(p) = -49968*p - 1948742. Calculate j(-39).
10
Let z(x) = -122*x**2 + 85*x + 34. Give z(1).
-3
Let z(u) = u**2 - u - 6982. Give z(-83).
-10
Let b(q) = 4*q**3 - 25*q**2 - 749*q + 5165. Give b(7).
69
Let a(h) = -3*h**3 - 119*h**2 - 319*h - 909. Give a(-37).
-58
Let d(i) = -36*i**2 + 873*i + 22622. Give d(40).
-58
Let w(y) = 3*y**2 + 363*y - 2255. Calculate w(6).
31
Let z(v) = 2*v**2 - 324*v - 12489. Give z(196).
839
Let m(r) = r**3 - 17*r**2 + 70*r - 610. Determine m(18).
974
Let p(k) = -2*k**2 + 392*k - 10451. Calculate p(162).
565
Let i(k) = -144*k**2 + 1559*k - 4113. What is i(5)?
82
Let i(h) = h**3 - 61*h**2 - 23*h + 1578. Determine i(61).
175
Let u(g) = g**3 + 320*g**2 - 3311*g - 3631. Calculate u(-330).
-1
Let a(p) = -1598285*p - 4794853. Determine a(-3).
2
Let m(l) = -2918*l + 892920. Calculate m(306).
12
Let q(t) = 1055799*t + 3. Give q(0).
3
Let m(d) = 5*d - 465. What is m(81)?
-60
Let z(t) = -6*t**2 + 49*t + 1004. Give z(-8).
228
Let i(x) = -285*x**2 + 1373*x - 62. What is i(5)?
-322
Let f(s) = 37*s**2 + 7654*s + 37350. Give f(-5).
5
Let h(u) = -38*u**2 - 6028*u - 3861. Give h(-158).
-69
Let f(a) = -1439*a**2 + 30197*a + 15. Calculate f(21).
-447
Let o(b) = -1265*b - 121421. What is o(-96)?
19
Let s(y) = -y**3 + 41*y**2 - 58*y + 25. Give s(39).
805
Let g(y) = 47*y**3 + 701*y**2 - 63*y + 217. What is g(-15)?
262
Let k(q) = q**3 + 306*q**2 - 7949*q - 9499. Calculate k(-330).
71
Let a(b) = 4012*b**3 + 2*b**2 - 120*b + 122. Determine a(1).
4016
Let b(q) = 68*q**2 - 7900*q + 148. Give b(116).
-1244
Let x(i) = -i**2 + 501*i + 3495. Calculate x(-7).
-61
Let t(m) = 504*m - 7143. What is t(16)?
921
Let h(i) = -432*i + 28369. What is h(66)?
-143
Let z(u) = -u**3 + 354*u**2 + 338*u + 6060. Determine z(355).
25
Let x(c) = -14959*c - 119743. Determine x(-8).
-71
Let x(k) = -3*k**2 - 371*k - 2931. Give x(-8).
-155
Let w(l) = -l**2 + 2552*l + 10228. Determine w(-4).
4
Let l(c) = 1544*c + 9897. What is l(-7)?
-911
Let z(w) = -830*w**3 - 2*w**2 + 3. What is z(-1)?
831
Let v(t) = -2*t**2 + 582*t - 10788. Calculate v(20).
52
Let g(c) = -c**3 + 142*c**2 - 492*c + 13221. What is g(139)?
2796
Let m(x) = -x**3 - 16*x**2 - 21*x + 156. Give m(-12).
-168
Let y(z) = 4388*z + 1417. Calculate y(0).
1417
Let u(a) = 2903*a + 545778. Give u(-188).
14
Let s(g) = 35*g**2 - 13199*g + 1260. Give s(377).
-248
Let h(a) = 16*a**2 - 2865*a + 2. Calculate h(179).
-177
Let a(d) = 12545*d - 460. Determine a(0).
-460
Let m(k) = -k**3 - 48*k**2 + 2791*k - 14812. What is m(6)?
-10
Let o(f) = 3*f**2 + 540*f - 614. What is o(-182)?
478
Let x(l) = -7*l**2 - 691*l - 11501. What is x(-76)?
583
Let c(h) = 3347*h - 63929. Determine c(19).
-336
Let n(c) = -c**2 + 204*c - 4643. Give n(28).
285
Let a(g) = -2*g**3 - 207*g**2 - 17*g + 8853. Calculate a(-103).
-5
Let r(t) = -2*t**2 - 1666*t - 72417. Give r(-787).
-13
Let v(r) = -r**3 + 42*r**2 - 169*r + 647. Determine v(38).
1
Let y(n) = 1038*n + 89237. What is y(-86)?
-31
Let n(f) = -f**3 + 72*f**2 - 179*f - 1381. What is n(69)?
551
Let i(o) = 124*o**2 - 1984*o + 1863. Determine i(15).
3
Let r(h) = -420*h + 3. Determine r(2).
-837
Let s(r) = -43*r**2 + 1177*r + 608. Calculate s(28).
-148
Let x(z) = 6741*z + 397556. Determine x(-59).
-163
Let q(z) = 9330*z + 74625. Give q(-8).
-15
Let p(v) = -13*v**2 + 500*v + 689. Give p(40).
-111
Let i(r) = 772*r - 24258. Determine i(31).
-326
Let v(c) = -10*c**2 - 15*c + 889. What is v(14)?
-1281
Let b(r) = -201*r**2 - 5221*r + 132. Give b(-26).
2
Let r(k) = -246840*k - 1234236. What is r(-5)?
-36
Let u(j) = -335*j + 247. Calculate u(1).
-88
Let t(m) = 3395*m - 4016273. Calculate t(1183).
12
Let u(s) = 1075*s**2 + 8584*s - 127. What is u(-8)?
1
Let b(p) = 148*p - 18505. What is b(130)?
735
Let k(r) = -122*r**2 - 62469*r - 2550. Give k(-512).
10
Let x(m) = 222*m**2 + m - 5. What is x(1)?
218
Let q(u) = 4*u**3 + 258*u**2 + 1800*u + 28. Calculate q(-8).
92
Let m(q) = q**2 - 709*q + 30690. Calculate m(46).
192
Let h(r) = -3*r**2 + 243*r - 1181. Determine h(76).
-41
Let x(n) = 257*n**2 + 1894*n + 148. Give x(-7).
-517
Let g(h) = -860*h - 33517. Determine g(-39).
23
Let k(p) = 2*p**3 - 6*p**2 + 119*p - 223. Determine k(2).
7
Let k(n) = -7*n**2 + 1949*n + 10454. Determine k(283).
1398
Let q(j) = j**2 - 452*j + 932. Determine q(0).
932
Let w(b) = 12954*b + 194300. What is w(-15)?
-10
Let d(m) = -2*m**2 - 102*m + 11967. Calculate d(-108).
-345
Let b(q) = -2835*q + 22627. What is b(8)?
-53
Let n(i) = 2*i**3 - 58*i**2 - 65*i - 154. Determine n(30).
-304
Let m(q) = -83364*q - 833696. Determine m(-10).
-56
Let w(x) = x**3 + 310*x**2 + 14417*x - 1014. What is w(-253)?
-2
Let t(z) = 3994*z - 51244. What is t(13)?
678
Let n(q) = -13*q**3 - 70*q**2 + 55*q + 23. Calculate n(-6).
-19
Let g(c) = 3*c**2 - 137*c + 380. Determine g(37).
-582
Let u(n) = -n**3 + 31*n**2 + 2438*n - 1771. Calculate u(67).
-29
Let j(h) = -h**3 - 162*h**2 + 170*h + 1624. Calculate j(-163).
483
Let f(i) = 5*i**2 - 605*i - 42476. Give f(171).
274
Let b(u) = 714*u - 232762. Give b(326).
2
Let x(k) = -96*k**2 - 607*k - 2936. Determine x(-5).
-2301
Let y(s) = s**2 - 575*s + 571. 